{"id":1663,"date":"2024-01-07T20:18:26","date_gmt":"2024-01-07T20:18:26","guid":{"rendered":"https:\/\/www.hornemanni.fr\/?post_type=reglementation&#038;p=1663"},"modified":"2024-01-07T20:18:26","modified_gmt":"2024-01-07T20:18:26","slug":"jilguero-carduelis-carduelis-normativa-francesa","status":"publish","type":"reglementation","link":"https:\/\/www.hornemanni.fr\/index.php\/es\/reglementation\/jilguero-carduelis-carduelis-normativa-francesa\/","title":{"rendered":"Jilguero, Carduelis carduelis (normativa francesa)"},"content":{"rendered":"<div class=\"flex flex-grow flex-col max-w-full\">\n<div class=\"min-h-[20px] text-message flex flex-col items-start gap-3 whitespace-pre-wrap break-words [.text-message &amp;]:mt-5 overflow-x-auto\" data-message-author-role=\"assistant\" data-message-id=\"794885ab-09f9-49a3-b95b-4bd3f3cb7b9a\">\n<div class=\"markdown prose w-full break-words dark:prose-invert light\">\n<h3><strong>Jilguero<\/strong>, <em>Carduelis carduelis<\/em><\/h3>\n<p><img loading=\"lazy\" decoding=\"async\" class=\"size-medium wp-image-1603\" src=\"https:\/\/www.hornemanni.fr\/wp-content\/uploads\/2024\/01\/IMG_20191126_142454-241x300.jpg\" alt=\"\" width=\"241\" height=\"300\" srcset=\"https:\/\/www.hornemanni.fr\/wp-content\/uploads\/2024\/01\/IMG_20191126_142454-241x300.jpg 241w, https:\/\/www.hornemanni.fr\/wp-content\/uploads\/2024\/01\/IMG_20191126_142454-824x1024.jpg 824w, https:\/\/www.hornemanni.fr\/wp-content\/uploads\/2024\/01\/IMG_20191126_142454-768x954.jpg 768w, https:\/\/www.hornemanni.fr\/wp-content\/uploads\/2024\/01\/IMG_20191126_142454-688x855.jpg 688w, https:\/\/www.hornemanni.fr\/wp-content\/uploads\/2024\/01\/IMG_20191126_142454.jpg 1166w\" sizes=\"auto, (max-width: 241px) 100vw, 241px\" \/><\/p>\n<p>Foto copyright Kamel Latreche, Jilguero siberiano, Carduelis <em>carduelis frigoris <\/em><\/p>\n<p><strong>R\u00e9gimen de tenencia:<\/strong> recogido en el Anexo 2 en la columna (c) de la Orden de 8 de octubre de 2018. Certificado de aptitud y autorizaci\u00f3n de apertura obligatorio desde el primer ejemplar (excepto variedades dom\u00e9sticas). El r\u00e9gimen de tenencia afecta a la forma nominal y a todas sus subespecies, incluidas las asi\u00e1ticas.<\/p>\n<p><strong>Variedades dom\u00e9sticas enumeradas en el decreto ministerial del 11 de agosto de 2006:<\/strong> blanco, marr\u00f3n, \u00e1gata, pastel, isabela, sat\u00e9n y combinaciones de estas mutaciones. Todas las dem\u00e1s variedades coloreadas tienen el estatus de especies no dom\u00e9sticas protegidas.<\/p>\n<p><strong>Identificaci\u00f3n:<\/strong> marcado I-FAP y registro obligatorios.<\/p>\n<p><strong>Especie incluida en las \u00f3rdenes francesas de protecci\u00f3n de la fauna silvestre<\/strong>: Orden de 29 de octubre de 2009 identificada con el s\u00edmbolo \u220e.<\/p>\n<p><b>CITES\/Reglamento CE 338\/97: <\/b>Ap\u00e9ndice III\/C (poblaciones ucranianas).<\/p>\n<p><b>Orden de 28 de junio de 2021 (Isla Reuni\u00f3n):<\/b> Conservaci\u00f3n posible \u00fanicamente en establecimientos de conservaci\u00f3n ex situ o de investigaci\u00f3n. La posesi\u00f3n de variedades dom\u00e9sticas de esta especie est\u00e1 prohibida en el territorio de Reuni\u00f3n.<\/p>\n<\/div>\n<\/div>\n<\/div>\n<div class=\"mt-1 flex justify-start gap-3 empty:hidden\">\n<div class=\"text-gray-400 flex self-end lg:self-center justify-center lg:justify-start mt-0 gap-1 visible\"><\/div>\n<\/div>\n\t                <ul class=\"easy-image-gallery thumbnails-1 linked\">\r\n                    <li><a rel=\"prettyPhoto[group-294]\" href=\"https:\/\/www.hornemanni.fr\/wp-content\/uploads\/2024\/01\/IMG_20191126_142454-824x1024.jpg\" class=\"eig-popup\" title=\"rrem\" data-caption=\"rrem\" target=\"_blank\"><i class=\"icon-view\"><\/i><span class=\"overlay\"><\/span><img loading=\"lazy\" decoding=\"async\" width=\"150\" height=\"150\" src=\"https:\/\/www.hornemanni.fr\/wp-content\/uploads\/2024\/01\/IMG_20191126_142454-150x150.jpg\" class=\"attachment-thumbnail size-thumbnail\" alt=\"\" srcset=\"https:\/\/www.hornemanni.fr\/wp-content\/uploads\/2024\/01\/IMG_20191126_142454-150x150.jpg 150w, https:\/\/www.hornemanni.fr\/wp-content\/uploads\/2024\/01\/IMG_20191126_142454-400x400.jpg 400w, https:\/\/www.hornemanni.fr\/wp-content\/uploads\/2024\/01\/IMG_20191126_142454-800x800.jpg 800w\" sizes=\"auto, (max-width: 150px) 100vw, 150px\" \/><\/a><\/li><\/ul>\n","protected":false},"excerpt":{"rendered":"<p>Jilguero, Carduelis carduelis Foto copyright Kamel Latreche, Jilguero siberiano, Carduelis carduelis frigoris R\u00e9gimen de tenencia: recogido en el Anexo 2 en la columna (c) de la Orden de 8 de<span class=\"more-dots\">&#8230;<\/span><\/p>\n","protected":false},"author":2,"menu_order":0,"template":"","format":"standard","categories":[279,303,305],"class_list":["post-1663","reglementation","type-reglementation","status-publish","format-standard","hentry","category-faune-europeenne-protegee-es","category-reglementation-faune-es","category-reglementation-faune-captive-es","no-post-thumbnail"],"_links":{"self":[{"href":"https:\/\/www.hornemanni.fr\/index.php\/wp-json\/wp\/v2\/reglementation\/1663","targetHints":{"allow":["GET"]}}],"collection":[{"href":"https:\/\/www.hornemanni.fr\/index.php\/wp-json\/wp\/v2\/reglementation"}],"about":[{"href":"https:\/\/www.hornemanni.fr\/index.php\/wp-json\/wp\/v2\/types\/reglementation"}],"author":[{"embeddable":true,"href":"https:\/\/www.hornemanni.fr\/index.php\/wp-json\/wp\/v2\/users\/2"}],"wp:attachment":[{"href":"https:\/\/www.hornemanni.fr\/index.php\/wp-json\/wp\/v2\/media?parent=1663"}],"wp:term":[{"taxonomy":"category","embeddable":true,"href":"https:\/\/www.hornemanni.fr\/index.php\/wp-json\/wp\/v2\/categories?post=1663"}],"curies":[{"name":"wp","href":"https:\/\/api.w.org\/{rel}","templated":true}]}}

<div class="flex flex-grow flex-col max-w-full">
<div class="min-h-[20px] text-message flex flex-col items-start gap-3 whitespace-pre-wrap break-words [.text-message &amp;]:mt-5 overflow-x-auto" data-message-author-role="assistant" data-message-id="794885ab-09f9-49a3-b95b-4bd3f3cb7b9a">
<div class="markdown prose w-full break-words dark:prose-invert light">
<h3><strong>Jilguero</strong>, <em>Carduelis carduelis</em></h3>
<p><img loading="lazy" decoding="async" class="size-medium wp-image-1603" src="https://www.hornemanni.fr/wp-content/uploads/2024/01/IMG_20191126_142454-241x300.jpg" alt="" width="241" height="300" srcset="https://www.hornemanni.fr/wp-content/uploads/2024/01/IMG_20191126_142454-241x300.jpg 241w, https://www.hornemanni.fr/wp-content/uploads/2024/01/IMG_20191126_142454-824x1024.jpg 824w, https://www.hornemanni.fr/wp-content/uploads/2024/01/IMG_20191126_142454-768x954.jpg 768w, https://www.hornemanni.fr/wp-content/uploads/2024/01/IMG_20191126_142454-688x855.jpg 688w, https://www.hornemanni.fr/wp-content/uploads/2024/01/IMG_20191126_142454.jpg 1166w" sizes="auto, (max-width: 241px) 100vw, 241px" /></p>
<p>Foto copyright Kamel Latreche, Jilguero siberiano, Carduelis <em>carduelis frigoris </em></p>
<p><strong>Régimen de tenencia:</strong> recogido en el Anexo 2 en la columna (c) de la Orden de 8 de octubre de 2018. Certificado de aptitud y autorización de apertura obligatorio desde el primer ejemplar (excepto variedades domésticas). El régimen de tenencia afecta a la forma nominal y a todas sus subespecies, incluidas las asiáticas.</p>
<p><strong>Variedades domésticas enumeradas en el decreto ministerial del 11 de agosto de 2006:</strong> blanco, marrón, ágata, pastel, isabela, satén y combinaciones de estas mutaciones. Todas las demás variedades coloreadas tienen el estatus de especies no domésticas protegidas.</p>
<p><strong>Identificación:</strong> marcado I-FAP y registro obligatorios.</p>
<p><strong>Especie incluida en las órdenes francesas de protección de la fauna silvestre</strong>: Orden de 29 de octubre de 2009 identificada con el símbolo ∎.</p>
<p><b>CITES/Reglamento CE 338/97: </b>Apéndice III/C (poblaciones ucranianas).</p>
<p><b>Orden de 28 de junio de 2021 (Isla Reunión):</b> Conservación posible únicamente en establecimientos de conservación ex situ o de investigación. La posesión de variedades domésticas de esta especie está prohibida en el territorio de Reunión.</p>
</div>
</div>
</div>
<div class="mt-1 flex justify-start gap-3 empty:hidden">
<div class="text-gray-400 flex self-end lg:self-center justify-center lg:justify-start mt-0 gap-1 visible"></div>
</div>
	                <ul class="easy-image-gallery thumbnails-1 linked">
                    <li><a rel="prettyPhoto[group-294]" href="https://www.hornemanni.fr/wp-content/uploads/2024/01/IMG_20191126_142454-824x1024.jpg" class="eig-popup" title="rrem" data-caption="rrem" target="_blank"><i class="icon-view"></i><span class="overlay"></span><img loading="lazy" decoding="async" width="150" height="150" src="https://www.hornemanni.fr/wp-content/uploads/2024/01/IMG_20191126_142454-150x150.jpg" class="attachment-thumbnail size-thumbnail" alt="" srcset="https://www.hornemanni.fr/wp-content/uploads/2024/01/IMG_20191126_142454-150x150.jpg 150w, https://www.hornemanni.fr/wp-content/uploads/2024/01/IMG_20191126_142454-400x400.jpg 400w, https://www.hornemanni.fr/wp-content/uploads/2024/01/IMG_20191126_142454-800x800.jpg 800w" sizes="auto, (max-width: 150px) 100vw, 150px" /></a></li></ul>

<p>Jilguero, Carduelis carduelis Foto copyright Kamel Latreche, Jilguero siberiano, Carduelis carduelis frigoris Régimen de tenencia: recogido en el Anexo 2 en la columna (c) de la Orden de 8 de<span class="more-dots">&#8230;</span></p>
