{"id":1363,"date":"2023-12-17T20:49:27","date_gmt":"2023-12-17T20:49:27","guid":{"rendered":"https:\/\/www.hornemanni.fr\/?post_type=reglementation&#038;p=1363"},"modified":"2023-12-17T20:49:27","modified_gmt":"2023-12-17T20:49:27","slug":"unicab-primera-victoria","status":"publish","type":"reglementation","link":"https:\/\/www.hornemanni.fr\/index.php\/es\/reglementation\/unicab-primera-victoria\/","title":{"rendered":"UNICAB, \u00a1primera victoria !"},"content":{"rendered":"<p>Estimado miembro<\/p>\n<p>ACABAMOS DE OBTENER NUESTRA <strong>PRIMERA VICTORIA DECIS<\/strong> IVA EN NUESTRA LUCHA POR LA GANADER\u00cdA! &#8230;.<\/p>\n<p>\u00a1Queremos compartirla contigo porque es TU victoria!<\/p>\n<p>Los poderes p\u00fablicos han tomado sus decisiones relativas al decreto de aplicaci\u00f3n de la ley de 30 de noviembre de 2021 y a las modificaciones del decreto de 8 de octubre de 2018.<br \/>\n\u00a1Se ha cumplido el compromiso adquirido por el consejero de biodiversidad con el que nos reunimos el 17 de octubre!<br \/>\nLa petici\u00f3n de la Unicab, \u00fanico actor en el campo de los agricultores en este tema, ha sido atendida, ya que la Orden de 8 de octubre de 2018 ser\u00e1 modificada pero sus disposiciones iniciales ser\u00e1n reforzadas.<br \/>\n<strong>Para decirlo claramente, la lista de especies que los particulares (es decir, los no profesionales) podr\u00e1n tener y criar estar\u00e1 compuesta por las columnas a, b y c del cuadro del anexo 2, en las condiciones del decreto inicial (a: tenencia sin restricciones, b: declaraci\u00f3n de tenencia, c: certificado de competencia y autorizaci\u00f3n de apertura de un establecimiento) con exclusi\u00f3n de las especies ex\u00f3ticas invasoras y las especies peligrosas, cuya tenencia estar\u00e1 reservada a los profesionales.<\/strong><strong><br \/>\n<\/strong><br \/>\n<strong>Por lo tanto, NO ES UNA LISTA POSITIVA<\/strong>, en el sentido de la legibilidad, pero sigue siendo f\u00e1cil identificar las especies \u00ab\u00a0prohibidas a los particulares y a los criadores aficionados\u00a0\u00bb por las \u00f3rdenes de 14 de febrero de 2018 (especies ex\u00f3ticas invasoras) y de 21 de noviembre de 1997 (especies peligrosas o presuntamente peligrosas).<\/p>\n<p><strong>Se mantiene, por tanto, el certificado de competencia de \u00ab\u00a0aficionado<\/strong> \u00a0\u00bb para la gran mayor\u00eda de las especies.<br \/>\nNuestra capacidad para poner las cosas en marcha ha quedado as\u00ed demostrada, y ahora cada cual puede juzgar por s\u00ed mismo.<\/p>\n<p>No obstante, subsisten algunas dificultades y lamentamos que estos trabajos no hayan sido la ocasi\u00f3n de cuestionar el sistema reglamentario en su conjunto.<br \/>\n* la cuesti\u00f3n de las cuotas sigue sin abordarse, y es de temer que la Orden de 2018 no vuelva a modificarse en este sentido pr\u00f3ximamente.<br \/>\n* tampoco se ha revisado la lista de variedades reconocidas como nacionales<br \/>\n* las nuevas disposiciones introducen dificultades para determinadas especies ex\u00f3ticas invasoras que se cr\u00edan habitualmente (periquitos de collar, wallabies), disposiciones contrarias a la legislaci\u00f3n europea (obstaculizaci\u00f3n de la libre circulaci\u00f3n de mercanc\u00edas y del comercio) y una forma aberrante de abordar esta cuesti\u00f3n<br \/>\n*no se ha tenido en cuenta la necesaria revisi\u00f3n de las columnas a, b y c (que datan de 2004 para determinadas especies), sin tener en cuenta las cuestiones de conservaci\u00f3n.<br \/>\n* la tenencia de especies peligrosas se reservar\u00e1 a los organismos profesionales (los poseedores aficionados de estas especies podr\u00e1n, no obstante, conservarlas hasta su muerte, sin posibilidad de reproducci\u00f3n), aunque se nos hayan prometido disposiciones para determinados organismos no profesionales, como el BSA (banco de suero antiveneno)<br \/>\n* los errores taxon\u00f3micos que se\u00f1alamos en los textos iniciales a\u00fan no se han corregido, la ridiculez nunca mata<br \/>\n* nuevas aproximaciones en el texto, en particular en la definici\u00f3n del concepto de cr\u00eda profesional, confundiendo la rentabilidad con los equilibrios presupuestarios indispensables<br \/>\n* un asunto importante relacionado: la gesti\u00f3n de la FIPA por la empresa SAPV, cuyo contrato expiraba el 15 de noviembre, ha sido renovada por 8 meses m\u00e1s en su forma inicial&#8230; a pesar de que hab\u00edamos propuesto un nuevo pliego de condiciones, basado en nuestras quejas sobre las flagrantes disfunciones actuales<\/p>\n<p>Las autoridades p\u00fablicas han manifestado que son conscientes de estas dificultades y que est\u00e1n dispuestas a seguir trabajando con nosotros sobre estas cuestiones, parte de las cuales podr\u00edan tratarse mediante una circular tras el trabajo en grupos focales, que deber\u00eda comenzar en diciembre (2023&#8230;..)<br \/>\nTras la consulta p\u00fablica, el decreto deber\u00eda publicarse a principios de a\u00f1o PERO, aunque<br \/>\nacogemos favorablemente algunas de las propuestas, seguimos muy movilizados con respecto a nuestras objeciones.<br \/>\nAs\u00ed que no hay lugar para el triunfalismo, ya que esta etapa no ha mejorado el trato que se da a nuestra pasi\u00f3n, sino que simplemente ha evitado que la situaci\u00f3n empeore como consecuencia de una prohibici\u00f3n mortal.<br \/>\nEl statu quo es un resultado m\u00e1s que apreciable dada la situaci\u00f3n de la que part\u00edamos hace poco m\u00e1s de un a\u00f1o: la proliferaci\u00f3n de listas positivas extremadamente restrictivas en varios pa\u00edses europeos, la presi\u00f3n ejercida por los defensores de los derechos de los animales y un plan franc\u00e9s para suprimir los derechos adquiridos del certificat de capacit\u00e9 d&rsquo;\u00e9levage non professionnel (certificado de aptitud para la cr\u00eda no profesional) y poner en marcha una prohibici\u00f3n general progresiva.<\/p>\n<p>Debemos este resultado a vuestro compromiso, a los que hab\u00e9is cre\u00eddo en nuestros an\u00e1lisis y propuestas, a los que os hab\u00e9is unido y hab\u00e9is hecho donaciones a la Unicab, lo que nos ha permitido consolidar nuestra representatividad y dotarnos de los medios jur\u00eddicos, de comunicaci\u00f3n y de presi\u00f3n necesarios. As\u00ed pues, \u00a1es una victoria colectiva!<br \/>\nA\u00fan quedan muchas cuestiones por resolver, y a la hora de recurrir los numerosos puntos que siguen siendo negativos, \u00ab\u00a0no debemos detenernos ante nada\u00a0\u00bb, en palabras de nuestro abogado..<\/p>\n<p>Mientras el decreto no se publique en el Journal Officiel, todo sigue abierto a cambios. De hecho, est\u00e1 en el esp\u00edritu del proceso democr\u00e1tico esperar a las conclusiones de la consulta p\u00fablica (a la que todos y cada uno de ustedes deber\u00e1n contribuir) antes de congelar la versi\u00f3n final del texto.<br \/>\nPor nuestra parte, no nos conformamos con lo que consideramos un paso en la buena direcci\u00f3n, al dejar de reducir cada vez m\u00e1s los derechos de los ciudadanos, en particular de aquellos que asumen sus deberes de preservaci\u00f3n de la biodiversidad.<br \/>\nAhora necesitamos que se reconozca nuestro papel esencial en la conservaci\u00f3n, y que se apoye\/facilite nuestro compromiso responsable de compartir conocimientos que ayuden a mantener las poblaciones de especies amenazadas.<\/p>\n<p>Por tanto, seguimos plenamente movilizados para seguir mejorando este decreto y, si no se nos sigue escuchando, poner en marcha cualquier recurso legal a nuestro alcance.<br \/>\nLa batalla no ha hecho m\u00e1s que empezar.<\/p>\n<p>Estamos ultimando la creaci\u00f3n de un foro reservado a nuestros miembros en el sitio web unicab-asso.org<\/p>\n<p>Esto facilitar\u00e1 el intercambio de opiniones con otros miembros y con el Consejo de Administraci\u00f3n.<\/p>\n<p>Por el momento, les agradecemos su apoyo y estamos encantados de haber podido honrar su confianza.<\/p>\n<p>El equipo de la UNICAB.<\/p>\n","protected":false},"excerpt":{"rendered":"<p>Estimado miembro ACABAMOS DE OBTENER NUESTRA PRIMERA VICTORIA DECIS IVA EN NUESTRA LUCHA POR LA GANADER\u00cdA! &#8230;. \u00a1Queremos compartirla contigo porque es TU victoria! Los poderes p\u00fablicos han tomado sus<span class=\"more-dots\">&#8230;<\/span><\/p>\n","protected":false},"author":2,"menu_order":0,"template":"","format":"standard","categories":[],"class_list":["post-1363","reglementation","type-reglementation","status-publish","format-standard","hentry","no-post-thumbnail"],"_links":{"self":[{"href":"https:\/\/www.hornemanni.fr\/index.php\/wp-json\/wp\/v2\/reglementation\/1363","targetHints":{"allow":["GET"]}}],"collection":[{"href":"https:\/\/www.hornemanni.fr\/index.php\/wp-json\/wp\/v2\/reglementation"}],"about":[{"href":"https:\/\/www.hornemanni.fr\/index.php\/wp-json\/wp\/v2\/types\/reglementation"}],"author":[{"embeddable":true,"href":"https:\/\/www.hornemanni.fr\/index.php\/wp-json\/wp\/v2\/users\/2"}],"wp:attachment":[{"href":"https:\/\/www.hornemanni.fr\/index.php\/wp-json\/wp\/v2\/media?parent=1363"}],"wp:term":[{"taxonomy":"category","embeddable":true,"href":"https:\/\/www.hornemanni.fr\/index.php\/wp-json\/wp\/v2\/categories?post=1363"}],"curies":[{"name":"wp","href":"https:\/\/api.w.org\/{rel}","templated":true}]}}

<p>Estimado miembro</p>
<p>ACABAMOS DE OBTENER NUESTRA <strong>PRIMERA VICTORIA DECIS</strong> IVA EN NUESTRA LUCHA POR LA GANADERÍA! &#8230;.</p>
<p>¡Queremos compartirla contigo porque es TU victoria!</p>
<p>Los poderes públicos han tomado sus decisiones relativas al decreto de aplicación de la ley de 30 de noviembre de 2021 y a las modificaciones del decreto de 8 de octubre de 2018.<br />
¡Se ha cumplido el compromiso adquirido por el consejero de biodiversidad con el que nos reunimos el 17 de octubre!<br />
La petición de la Unicab, único actor en el campo de los agricultores en este tema, ha sido atendida, ya que la Orden de 8 de octubre de 2018 será modificada pero sus disposiciones iniciales serán reforzadas.<br />
<strong>Para decirlo claramente, la lista de especies que los particulares (es decir, los no profesionales) podrán tener y criar estará compuesta por las columnas a, b y c del cuadro del anexo 2, en las condiciones del decreto inicial (a: tenencia sin restricciones, b: declaración de tenencia, c: certificado de competencia y autorización de apertura de un establecimiento) con exclusión de las especies exóticas invasoras y las especies peligrosas, cuya tenencia estará reservada a los profesionales.</strong><strong><br />
</strong><br />
<strong>Por lo tanto, NO ES UNA LISTA POSITIVA</strong>, en el sentido de la legibilidad, pero sigue siendo fácil identificar las especies « prohibidas a los particulares y a los criadores aficionados » por las órdenes de 14 de febrero de 2018 (especies exóticas invasoras) y de 21 de noviembre de 1997 (especies peligrosas o presuntamente peligrosas).</p>
<p><strong>Se mantiene, por tanto, el certificado de competencia de « aficionado</strong>  » para la gran mayoría de las especies.<br />
Nuestra capacidad para poner las cosas en marcha ha quedado así demostrada, y ahora cada cual puede juzgar por sí mismo.</p>
<p>No obstante, subsisten algunas dificultades y lamentamos que estos trabajos no hayan sido la ocasión de cuestionar el sistema reglamentario en su conjunto.<br />
* la cuestión de las cuotas sigue sin abordarse, y es de temer que la Orden de 2018 no vuelva a modificarse en este sentido próximamente.<br />
* tampoco se ha revisado la lista de variedades reconocidas como nacionales<br />
* las nuevas disposiciones introducen dificultades para determinadas especies exóticas invasoras que se crían habitualmente (periquitos de collar, wallabies), disposiciones contrarias a la legislación europea (obstaculización de la libre circulación de mercancías y del comercio) y una forma aberrante de abordar esta cuestión<br />
*no se ha tenido en cuenta la necesaria revisión de las columnas a, b y c (que datan de 2004 para determinadas especies), sin tener en cuenta las cuestiones de conservación.<br />
* la tenencia de especies peligrosas se reservará a los organismos profesionales (los poseedores aficionados de estas especies podrán, no obstante, conservarlas hasta su muerte, sin posibilidad de reproducción), aunque se nos hayan prometido disposiciones para determinados organismos no profesionales, como el BSA (banco de suero antiveneno)<br />
* los errores taxonómicos que señalamos en los textos iniciales aún no se han corregido, la ridiculez nunca mata<br />
* nuevas aproximaciones en el texto, en particular en la definición del concepto de cría profesional, confundiendo la rentabilidad con los equilibrios presupuestarios indispensables<br />
* un asunto importante relacionado: la gestión de la FIPA por la empresa SAPV, cuyo contrato expiraba el 15 de noviembre, ha sido renovada por 8 meses más en su forma inicial&#8230; a pesar de que habíamos propuesto un nuevo pliego de condiciones, basado en nuestras quejas sobre las flagrantes disfunciones actuales</p>
<p>Las autoridades públicas han manifestado que son conscientes de estas dificultades y que están dispuestas a seguir trabajando con nosotros sobre estas cuestiones, parte de las cuales podrían tratarse mediante una circular tras el trabajo en grupos focales, que debería comenzar en diciembre (2023&#8230;..)<br />
Tras la consulta pública, el decreto debería publicarse a principios de año PERO, aunque<br />
acogemos favorablemente algunas de las propuestas, seguimos muy movilizados con respecto a nuestras objeciones.<br />
Así que no hay lugar para el triunfalismo, ya que esta etapa no ha mejorado el trato que se da a nuestra pasión, sino que simplemente ha evitado que la situación empeore como consecuencia de una prohibición mortal.<br />
El statu quo es un resultado más que apreciable dada la situación de la que partíamos hace poco más de un año: la proliferación de listas positivas extremadamente restrictivas en varios países europeos, la presión ejercida por los defensores de los derechos de los animales y un plan francés para suprimir los derechos adquiridos del certificat de capacité d&rsquo;élevage non professionnel (certificado de aptitud para la cría no profesional) y poner en marcha una prohibición general progresiva.</p>
<p>Debemos este resultado a vuestro compromiso, a los que habéis creído en nuestros análisis y propuestas, a los que os habéis unido y habéis hecho donaciones a la Unicab, lo que nos ha permitido consolidar nuestra representatividad y dotarnos de los medios jurídicos, de comunicación y de presión necesarios. Así pues, ¡es una victoria colectiva!<br />
Aún quedan muchas cuestiones por resolver, y a la hora de recurrir los numerosos puntos que siguen siendo negativos, « no debemos detenernos ante nada », en palabras de nuestro abogado..</p>
<p>Mientras el decreto no se publique en el Journal Officiel, todo sigue abierto a cambios. De hecho, está en el espíritu del proceso democrático esperar a las conclusiones de la consulta pública (a la que todos y cada uno de ustedes deberán contribuir) antes de congelar la versión final del texto.<br />
Por nuestra parte, no nos conformamos con lo que consideramos un paso en la buena dirección, al dejar de reducir cada vez más los derechos de los ciudadanos, en particular de aquellos que asumen sus deberes de preservación de la biodiversidad.<br />
Ahora necesitamos que se reconozca nuestro papel esencial en la conservación, y que se apoye/facilite nuestro compromiso responsable de compartir conocimientos que ayuden a mantener las poblaciones de especies amenazadas.</p>
<p>Por tanto, seguimos plenamente movilizados para seguir mejorando este decreto y, si no se nos sigue escuchando, poner en marcha cualquier recurso legal a nuestro alcance.<br />
La batalla no ha hecho más que empezar.</p>
<p>Estamos ultimando la creación de un foro reservado a nuestros miembros en el sitio web unicab-asso.org</p>
<p>Esto facilitará el intercambio de opiniones con otros miembros y con el Consejo de Administración.</p>
<p>Por el momento, les agradecemos su apoyo y estamos encantados de haber podido honrar su confianza.</p>
<p>El equipo de la UNICAB.</p>

<p>Estimado miembro ACABAMOS DE OBTENER NUESTRA PRIMERA VICTORIA DECIS IVA EN NUESTRA LUCHA POR LA GANADERÍA! &#8230;. ¡Queremos compartirla contigo porque es TU victoria! Los poderes públicos han tomado sus<span class="more-dots">&#8230;</span></p>
