{"id":406,"date":"2023-06-29T11:48:00","date_gmt":"2023-06-29T11:48:00","guid":{"rendered":"https:\/\/www.hornemanni.fr\/index.php\/hornemanni-france-deutsch\/"},"modified":"2023-07-25T08:24:35","modified_gmt":"2023-07-25T08:24:35","slug":"hornemanni-france-deutsch","status":"publish","type":"page","link":"https:\/\/www.hornemanni.fr\/index.php\/de\/hornemanni-france-deutsch\/","title":{"rendered":"Hornemanni France"},"content":{"rendered":"\n<p class=\"has-main-color has-text-color has-medium-font-size\"><strong>Willkommen bei Hornemanni-France<\/strong><\/p>\n\n\n\n<div class=\"wp-block-media-text alignwide is-stacked-on-mobile\" style=\"grid-template-columns:30% auto\"><figure class=\"wp-block-media-text__media\"><img loading=\"lazy\" decoding=\"async\" width=\"800\" height=\"598\" src=\"https:\/\/www.hornemanni.fr\/wp-content\/uploads\/2023\/06\/oiseaux1-1.png\" alt=\"\" class=\"wp-image-209 size-full\" srcset=\"https:\/\/www.hornemanni.fr\/wp-content\/uploads\/2023\/06\/oiseaux1-1.png 800w, https:\/\/www.hornemanni.fr\/wp-content\/uploads\/2023\/06\/oiseaux1-1-300x224.png 300w, https:\/\/www.hornemanni.fr\/wp-content\/uploads\/2023\/06\/oiseaux1-1-768x574.png 768w\" sizes=\"auto, (max-width: 800px) 100vw, 800px\" \/><\/figure><div class=\"wp-block-media-text__content\">\n<p><strong>Wer sind die Passiformes?<\/strong><\/p>\n\n\n\n<p>Die Ordnung der Sperlingsv\u00f6gel (Passeriformes) ist das Taxon mit den meisten Vogelarten, die \u00fcber den gesamten Globus verteilt sind, mit Ausnahme des antarktischen Kontinents. Die Passeriformes werden allgemein als Sperlingsv\u00f6gel bezeichnet und umfassen 145 Familien, 1371 Gattungen und 6675 Arten.<\/p>\n<\/div><\/div>\n\n\n\n<p><strong>Wer sind wir?<\/strong><\/p>\n\n\n\n<p>Hornemanni France ist durch Leidenschaft und Freundschaft eng mit dem Hornemanni Middle West European Club verbunden, der sich in Norditalien befindet. Unser Verband, der sich aus leidenschaftlichen und spezialisierten Z\u00fcchtern, Kapazit\u00e4tstr\u00e4gern und internationalen Experten zusammensetzt, ist auch besonders f\u00fcr den Schutz der Artenvielfalt sensibilisiert. <\/p>\n\n\n\n<p>Unabh\u00e4ngig von Ihrem Verband und Ihrem Herkunftsland k\u00f6nnen Sie sich uns anschlie\u00dfen, indem Sie Mitglied von Hornemanni France werden, denn unser Club ist unabh\u00e4ngig und autonom. Sie geh\u00f6ren keiner F\u00f6deration an? Das ist kein Problem, wenn Sie sich wie wir f\u00fcr die Passeriformes begeistern. <\/p>\n\n\n\n<figure class=\"wp-block-image aligncenter size-full is-resized\"><img loading=\"lazy\" decoding=\"async\" src=\"https:\/\/www.hornemanni.fr\/wp-content\/uploads\/2023\/06\/chardo_ancest.png\" alt=\"\" class=\"wp-image-220\" width=\"787\" height=\"265\" srcset=\"https:\/\/www.hornemanni.fr\/wp-content\/uploads\/2023\/06\/chardo_ancest.png 1024w, https:\/\/www.hornemanni.fr\/wp-content\/uploads\/2023\/06\/chardo_ancest-300x101.png 300w, https:\/\/www.hornemanni.fr\/wp-content\/uploads\/2023\/06\/chardo_ancest-768x259.png 768w\" sizes=\"auto, (max-width: 787px) 100vw, 787px\" \/><\/figure>\n\n\n\n<p><strong>Was sind die Ziele von Hornemanni France?<\/strong><\/p>\n\n\n\n<p>Ziele und Aufgaben des Vereins Hornemanni France<\/p>\n\n\n\n<ul class=\"wp-block-list\">\n<li>Die besten Methoden zur Eingew\u00f6hnung, Pflege und Aufzucht von V\u00f6geln aus der Ordnung der Passiformes auflisten, untersuchen und kalibrieren.<\/li>\n\n\n\n<li>Auf vom Club organisierten Treffen oder \u00fcber Internet-Tools (Website, Mail, Facebook, Tweeter, WhatsApp, Videos, YouTube) und eine Fachzeitschrift in gedruckter oder digitaler Form alle Fragen zu beantworten, die sich auf Folgendes beziehen:<\/li>\n<\/ul>\n\n\n\n<p>&#8211; Die Einhaltung des Tierschutzes in kontrollierter Umgebung.<br>&#8211; Die Pflege,<br>&#8211; Die Akklimatisierung,<br>&#8211; Die Konditionierung,<br>&#8211; Die Methoden der Tierhaltung,<br>&#8211; Ex-situ-Programm in kontrollierter Umgebung zur Erhaltung gef\u00e4hrdeter und gef\u00e4hrdeter einheimischer und exotischer passeriformer Arten in ihrer nat\u00fcrlichen Umgebung.<br>&#8211; Die Untersuchung und Fixierung von Farbmutationen,<br>&#8211; Die Regulierung<br>&#8211; Die Krankheiten<br>&#8211; Etc..<\/p>\n\n\n\n<p>Und Z\u00fcchtern, die in diesen verschiedenen Bereichen Fortschritte machen wollen, eine theoretische oder praktische Ausbildung gew\u00e4hrleisten<\/p>\n\n\n\n<div class=\"wp-block-media-text alignwide has-media-on-the-right is-stacked-on-mobile\" style=\"grid-template-columns:auto 19%\"><div class=\"wp-block-media-text__content\">\n<ul class=\"wp-block-list\">\n<li>Potenzielle Z\u00fcchter bei ihren Zuchtprojekten zu beraten, je nach den ihnen zur Verf\u00fcgung stehenden Bedingungen (Gr\u00f6\u00dfe der Volieren, Zeitaufwand, spezielle Ern\u00e4hrung usw.),<\/li>\n\n\n\n<li>Eine Datenbank (in Form von computergest\u00fctzten Dateien) aller von den Mitgliedern des Clubs gez\u00fcchteten Arten zusammenstellen, um den internen Austausch zu erleichtern<\/li>\n\n\n\n<li>Zusammenstellung einer Zusammenfassung der Zucht- und Reproduktionserfahrungen in Form einer Biografie, um potenziellen Z\u00fcchtern ein Maximum an objektiven Grunddaten zur Verf\u00fcgung zu stellen, ihnen die Fixierung domestizierter St\u00e4mme zu erm\u00f6glichen und zur Erhaltung der Arten beizutragen,<\/li>\n\n\n\n<li>Entwicklung der Erhaltungszucht in Zusammenarbeit mit wissenschaftlichen und administrativen Instanzen, um an Ex-situ-Programmen teilzunehmen (Wiederansiedlung, St\u00e4rkung von Populationen) .<\/li>\n\n\n\n<li>F\u00f6rderung der Fortpflanzung, der Pflege und des Austauschs von V\u00f6geln, die aus St\u00e4mmen stammen, die in kontrollierter Umgebung gez\u00fcchtet und beringt wurden, dies in \u00dcbereinstimmung mit den geltenden Vorschriften,<\/li>\n\n\n\n<li>Eine solidarische Gruppe zu bilden, die bestrebt ist, die geltenden Vorschriften f\u00fcr die Haltung verschiedener Exemplare in kontrollierter Umgebung zu beherrschen und einzuhalten, insbesondere CITES (\u00dcbereinkommen \u00fcber den internationalen Handel mit gef\u00e4hrdeten Arten freilebender Tiere und Pflanzen), die Verordnung EG338\/97, die Verordnung EG865\/2006, das Umweltgesetzbuch, den Erlass vom 29. Oktober 2009, den Erlass vom 25. M\u00e4rz 2015, den Erlass vom 8. Oktober 2018, die Identifikationsdatenbank IFAP usw.<\/li>\n\n\n\n<li>Die Z\u00fcchter \u00fcber die sch\u00e4dlichen Auswirkungen invasiver Arten auf die franz\u00f6sische Flora und Fauna aufzukl\u00e4ren, um das Entweichen von Arten aus ihren Zucht- und Liebhaberbetrieben zu verhindern.<\/li>\n\n\n\n<li>Technische Beziehungen zu den zust\u00e4ndigen Sektionen der Nationalen Richterkommission Frankreichs C.N.J.F. unterhalten.<\/li>\n\n\n\n<li>Technische Beziehungen zu ausl\u00e4ndischen Technischen Clubs unterhalten<\/li>\n\n\n\n<li>Die von der Commission Nationale des Juges de France (Nationale Richterkommission Frankreichs) eingef\u00fchrten Standards f\u00fcr Pass\u00e9riformes studieren und Vorschl\u00e4ge zur Erg\u00e4nzung und Bereicherung dieser Standards machen.<\/li>\n\n\n\n<li>Franz\u00f6sische und ausl\u00e4ndische Z\u00fcchter von Passiformes zusammenf\u00fchren, unabh\u00e4ngig davon, ob sie sich f\u00fcr die Mitgliedschaft in einem Verband entschieden haben.<\/li>\n\n\n\n<li>Durch Feldaktionen wie das Anbringen von Nistk\u00e4sten, Insektenhotels und Winterf\u00fctterungen sowie durch den Schutz und die Erhaltung der Umwelt zum Schutz der Artenvielfalt beitragen.<\/li>\n\n\n\n<li>Organisation von ornithologischen Veranstaltungen f\u00fcr die Mitglieder des Vereins: Fachtagungen, Konferenzen, Ausstellungen, Reisen<\/li>\n\n\n\n<li>An franz\u00f6sischen oder ausl\u00e4ndischen Schutzprogrammen mitarbeiten<\/li>\n<\/ul>\n<\/div><figure class=\"wp-block-media-text__media\"><img loading=\"lazy\" decoding=\"async\" width=\"622\" height=\"1024\" src=\"https:\/\/www.hornemanni.fr\/wp-content\/uploads\/2023\/06\/oiseaux4-622x1024.png\" alt=\"\" class=\"wp-image-223 size-full\" srcset=\"https:\/\/www.hornemanni.fr\/wp-content\/uploads\/2023\/06\/oiseaux4-622x1024.png 622w, https:\/\/www.hornemanni.fr\/wp-content\/uploads\/2023\/06\/oiseaux4-182x300.png 182w, https:\/\/www.hornemanni.fr\/wp-content\/uploads\/2023\/06\/oiseaux4-768x1263.png 768w, https:\/\/www.hornemanni.fr\/wp-content\/uploads\/2023\/06\/oiseaux4-520x855.png 520w, https:\/\/www.hornemanni.fr\/wp-content\/uploads\/2023\/06\/oiseaux4.png 800w\" sizes=\"auto, (max-width: 622px) 100vw, 622px\" \/><\/figure><\/div>\n","protected":false},"excerpt":{"rendered":"<p>Willkommen bei Hornemanni-France Wer sind die Passiformes? Die Ordnung der Sperlingsv\u00f6gel (Passeriformes) ist das Taxon mit den meisten Vogelarten, die \u00fcber den gesamten Globus verteilt sind, mit Ausnahme des antarktischen<span class=\"more-dots\">&#8230;<\/span><\/p>\n","protected":false},"author":2,"featured_media":0,"parent":0,"menu_order":0,"comment_status":"closed","ping_status":"closed","template":"","meta":{"iawp_total_views":34,"footnotes":""},"class_list":["post-406","page","type-page","status-publish","hentry","no-post-thumbnail"],"_links":{"self":[{"href":"https:\/\/www.hornemanni.fr\/index.php\/wp-json\/wp\/v2\/pages\/406","targetHints":{"allow":["GET"]}}],"collection":[{"href":"https:\/\/www.hornemanni.fr\/index.php\/wp-json\/wp\/v2\/pages"}],"about":[{"href":"https:\/\/www.hornemanni.fr\/index.php\/wp-json\/wp\/v2\/types\/page"}],"author":[{"embeddable":true,"href":"https:\/\/www.hornemanni.fr\/index.php\/wp-json\/wp\/v2\/users\/2"}],"replies":[{"embeddable":true,"href":"https:\/\/www.hornemanni.fr\/index.php\/wp-json\/wp\/v2\/comments?post=406"}],"version-history":[{"count":0,"href":"https:\/\/www.hornemanni.fr\/index.php\/wp-json\/wp\/v2\/pages\/406\/revisions"}],"wp:attachment":[{"href":"https:\/\/www.hornemanni.fr\/index.php\/wp-json\/wp\/v2\/media?parent=406"}],"curies":[{"name":"wp","href":"https:\/\/api.w.org\/{rel}","templated":true}]}}